r of 29 and l?
29
Let n be (-18)/8*(-4 + 200/(-30)). What is the greatest common factor of n and 66?
6
Suppose 3*t + 3*k - 174 = -t, 5*t - 4*k - 233 = 0. Suppose 5*s = -5 + t. Let n = 1 + 23. What is the greatest common factor of n and s?
8
Suppose 10*p - 59 = 9*p. Suppose 4*q - p = -5*t, q = 5*t + 69 - 23. Calculate the greatest common divisor of q and 168.
21
Let f(i) = 5*i**2 - i. Let o be f(-1). Suppose -112 = o*l - 10*l. What is the highest common factor of 42 and l?
14
Suppose 224*t - 120 = 216*t. What is the highest common divisor of t and 75?
15
Let y(k) = -2*k + 44. Let g be y(-8). Suppose -5*z + 0*p = -p - 72, 5*p + g = 5*z. What is the highest common divisor of 9 and z?
3
Suppose 5*i + 3*x - 45 = 0, 3*x - 41 = -3*i + 4*x. Let h(b) = -12*b - 20 - 18*b + 14*b. Let c be h(-8). Calculate the highest common factor of c and i.
12
Suppose 135 = -12*j + 231. Calculate the greatest common divisor of 136 and j.
8
Suppose -60*s + 2311 - 151 = 0. Suppose 94 = 5*n - 41. What is the greatest common divisor of n and s?
9
Let d be (-12)/(95/(-30) + 3). Let w be (73 - d) + 2/2 + 16. What is the greatest common divisor of w and 162?
18
Let q be 346/14 - (-26)/91. Suppose 8*l - 121 + q = 0. Calculate the highest common factor of l and 18.
6
Let g be 54 + 0 + (-4)/(-2). Let s be (12/7)/((-11)/14 - -1). Calculate the highest common divisor of g and s.
8
Let r = -185 + 197. What is the highest common divisor of r and 636?
12
Let c(l) = -l. Suppose 4*p - 9 = 5*n, 5 = -n - 0*n + 4*p. Let y be c(n). Calculate the greatest common factor of 12 and y.
1
Suppose -4*b = -0*b + 3*m, 0 = -b + m. Let p = b + 8. Calculate the highest common factor of p and 8.
8
Suppose -t = -4*t + 210. Let o(s) = s - 3. Let l be o(5). Suppose 3*b = -2*b - l*r + 62, -3*b = -2*r - 50. Calculate the highest common factor of b and t.
14
Let t = 249 + -164. Calculate the highest common divisor of 5 and t.
5
Suppose -5*a = -5*m + 110, -7 + 23 = m + a. What is the highest common divisor of 4 and m?
1
Let v = -506 - -562. Let d(u) = u**2 - 1. Let z be d(-3). What is the greatest common factor of v and z?
8
Let i = -1014 + 1030. What is the highest common divisor of i and 248?
8
Let f(r) = -r**3 + 3*r**2 - 2*r - 4. Let m be f(-3). Let h = 1571 + -1431. Calculate the greatest common divisor of h and m.
28
Suppose 5*b - 3*k - 25 = 0, -24*b + 5*k = -25*b - 23. Suppose 0 = 4*g + 2*c - 14, -3*c = 5*g - 4*c - 14. What is the highest common factor of b and g?
1
Let p(y) = y**3 - 4*y**2 + 3*y + 3. Let i be p(4). Suppose 9*r - 33*r + 2520 = 0. Calculate the greatest common factor of i and r.
15
Let p be (-237)/(-18) + 7/(-42). Let f be (p - 8)*(-2)/(-5). Suppose -6 = 3*z, -f*z + 44 = 3*x + x. Calculate the highest common divisor of x and 4.
4
Let a(u) = u - 12. Let z be a(9). Let q be 3 - (134/(-6) + 2/z). Calculate the greatest common divisor of 39 and q.
13
Let s(q) = 93*q - 67. Let f be s(1). What is the greatest common divisor of 26 and f?
26
Let d(b) = -b**3 - 8*b**2 - 11*b - 7. Let f be d(-7). Let v = f - 5. What is the highest common factor of v and 4?
4
Let l = -6149 + 6176. Let k(g) = 2*g**2 - 2*g + 2. Let v be k(2). Calculate the greatest common divisor of l and v.
3
Let o = -70 - -75. Suppose -145 = -o*l + 3*b, 0 = -l + 4*b + 1 + 11. Calculate the highest common factor of l and 32.
32
Let j be (-16376)/(-276) - -1*4/6. Suppose 4*u - 3*z = -84, -u + 5*z = 3*z + 21. Let p = 3 - u. What is the highest common factor of j and p?
12
Let m(p) = 20*p + 235. Let d be m(-7). Let u(o) = -o**3 - o**2 - o - 2. Let q be u(-3). Calculate the highest common factor of q and d.
19
Let m be 21/(7/(56/6)). Let g = 9 - -15. Suppose g*w = m*w - 168. Calculate the highest common divisor of 63 and w.
21
Let c = -755 + 1125. What is the highest common factor of c and 74?
74
Suppose 25*d + 12 = 29*d. Let l(p) = p**3 - 4*p**2 + 5*p - 2. Let s be l(d). What is the highest common factor of s and 76?
4
Let p(h) = h**2 + 4*h + 35. Let r be p(-5). Suppose 16 = 2*m + 2*b, -2*m + 5*b = 3*m - 10. What is the highest common factor of r and m?
5
Let b = 9 - 4. Let j(s) = -s**2 - 2 - 2*s - b*s + 2*s - 3*s. Let w be j(-6). What is the highest common divisor of w and 10?
10
Let x(u) = -2*u**2 + 5*u + 2. Let f be x(4). Let v = f - -28. Calculate the greatest common divisor of v and 36.
18
Let x = -8 - -1. Let f = -1 - x. Suppose -q + 4*o = 4, 5*q - 2*o - 76 = -6*o. Calculate the highest common divisor of q and f.
6
Let g be (-12)/10*((-42840)/(-27))/(-4). What is the greatest common factor of g and 28?
28
Let x(t) = t**2 - 12*t - 23. Let k be x(14). Suppose 4*c + b - 12 = 2*b, -3*b - 8 = -k*c. What is the highest common factor of c and 8?
4
Suppose 0 = -n - c + 2*c + 51, n + 2*c = 42. Let g = 49 - n. Calculate the highest common divisor of g and 9.
1
Suppose -1071 = -37*m + 28*m. Calculate the greatest common factor of m and 51.
17
Suppose -2*x + 377 = 3*a + 2*a, 4*a + 684 = 4*x. Calculate the greatest common divisor of x and 11.
11
Let s be (4/(-5) - -2)*135/54. Suppose 0 = s*h + 4*c - 6*c - 124, 4*h + 5*c = 196. What is the highest common divisor of h and 110?
22
Suppose t - 4*r + 112 = 4*t, 0 = t - 5*r - 12. Suppose -23*g = -i - 22*g + 19, -3*i - 3*g + 39 = 0. What is the greatest common factor of i and t?
16
Let y = -16 - -18. Let o = 4 + y. Let u(g) = g**3 - 2*g**2 + g + 2. Let v be u(2). What is the greatest common divisor of v and o?
2
Suppose 0 = -2*n + 2 - 6, 2*c + 5*n - 388 = 0. Suppose -4*u = -129 - c. Calculate the highest common divisor of u and 205.
41
Let x = 942 - -1685. Calculate the highest common divisor of x and 37.
37
Suppose 4*s - 2*t - 10 = 3*s, -s - 2*t = 10. Suppose -i - 3*j = -0*i - 24, s = -2*i - j + 28. What is the highest common factor of i and 12?
12
Suppose 928 = 5*f + 3*k, 3*k = 5*f - 271 - 681. What is the highest common divisor of 12 and f?
4
Suppose 420 = -10*h + 31*h. Let q = -3 + 7. Calculate the highest common factor of q and h.
4
Let w(s) = s**2 + 5*s + 2. Let n be w(-5). Suppose 2*o = -2*o - b + 81, n*o - 5*b = 35. Calculate the greatest common divisor of 220 and o.
20
Suppose -4*g + 72 = -4*f, -4*f - 2*g - 39 = -f. Let x be (18/(-4))/(f/30). Let h = 15 - x. What is the highest common factor of 18 and h?
6
Suppose -b + 16 - 11 = 0. Suppose -5*q + 25 = b*f, 5*q + 8 = 4*f - 30. Calculate the highest common factor of f and 21.
7
Suppose -103*t = -20*t - 8964. Calculate the highest common factor of t and 81.
27
Suppose -30*z + 32*z - 6 = 0. Suppose -z*n + 14 = -10. Calculate the greatest common factor of 8 and n.
8
Suppose 239 - 71 = 2*f. Suppose -7*w + 5*w + 56 = 0. What is the greatest common factor of f and w?
28
Suppose -2*w - 4 = -6. Let y = w + 23. Let h = y + 10. What is the highest common divisor of h and 17?
17
Let l(w) = 14*w**3 - w + 1. Let k be l(1). Let o(p) = p + 7. Let b be o(0). Let g = k - b. What is the greatest common divisor of g and 1?
1
Suppose 3*t + 2*s - 862 = 1523, s = -2*t + 1589. Calculate the highest common divisor of t and 13.
13
Let x = -63 - -63. Suppose -7*r + 52 + 32 = x. Calculate the highest common divisor of r and 4.
4
Suppose 0*w + 10 = 2*w. Suppose -w*n + q + 69 = -n, -78 = -4*n - 2*q. Suppose -149 = -4*t + 139. Calculate the greatest common factor of t and n.
18
Suppose -3*y - 33 - 9 = 0. Let w be (-2)/7 + (-284)/y. What is the highest common factor of w and 8?
4
Let l(y) = 38*y**2 + 8*y - 11. Let f be l(4). Calculate the greatest common divisor of 37 and f.
37
Let k(f) = -18*f + 18. Let y(o) = -o - 1. Let u(h) = -k(h) - 9*y(h). Let q be u(6). Let j be (-1)/(32/34 + -1). What is the greatest common divisor of j and q?
17
Let i(q) = 3*q + 63. Let n be i(3). Let a(m) = -m**2 + 8*m. Let t be a(8). Let p be (20 - -2) + (2 - t). Calculate the greatest common divisor of n and p.
24
Let m(s) = -2*s**3 + 9*s**2 + 5*s - 4. Let k be m(5). Let j be 2 + 38 - (k - 0). Calculate the greatest common divisor of j and 4.
4
Let n be (1 - 3) + 4 + -5 + 7. Suppose n*z - 246 = -2*q, 153 = 2*z - 7*q + 2*q. What is the greatest common divisor of z and 32?
32
Let n be (-120)/(-48)*(-9)/((-225)/160). Calculate the highest common divisor of 212 and n.
4
Let v be (96/28)/((-3)/(-47 + 5)). What is the greatest common divisor of 496 and v?
16
Let j = -39 - -46. Let t be (2/3)/(j*